 common factor of 1080 and 80?
40
Calculate the greatest common factor of 215113 and 623.
89
What is the greatest common factor of 24 and 531088?
8
What is the greatest common factor of 1167860 and 40?
20
What is the highest common divisor of 597412 and 5592?
932
What is the greatest common divisor of 1029528 and 1264?
632
Calculate the greatest common factor of 513 and 117401.
19
What is the greatest common divisor of 314563 and 2697?
29
What is the greatest common factor of 2481 and 24?
3
What is the highest common factor of 7385 and 18568?
211
Calculate the highest common factor of 1845940 and 20.
20
Calculate the greatest common divisor of 235072 and 256.
64
Calculate the highest common factor of 2429 and 132554.
347
What is the highest common divisor of 2104 and 224?
8
Calculate the greatest common factor of 1420951 and 196.
49
Calculate the highest common factor of 33496 and 2862.
106
Calculate the highest common divisor of 220 and 940.
20
What is the highest common factor of 849643 and 23?
23
What is the highest common factor of 42 and 1139796?
42
Calculate the highest common divisor of 242 and 263659.
121
What is the highest common factor of 99 and 4545?
9
What is the greatest common divisor of 1326 and 153?
51
Calculate the highest common factor of 63 and 15813.
63
Calculate the greatest common divisor of 1816 and 2513344.
1816
What is the greatest common divisor of 1722 and 5330?
82
Calculate the greatest common divisor of 3420 and 2205.
45
Calculate the highest common divisor of 600851 and 116.
29
What is the highest common divisor of 1528861 and 1112?
139
What is the highest common divisor of 5299362 and 1314?
1314
What is the highest common divisor of 9 and 75879?
9
Calculate the greatest common factor of 24038 and 125846.
1414
Calculate the greatest common divisor of 398824 and 216.
8
What is the highest common divisor of 57 and 33592?
19
Calculate the highest common divisor of 814827 and 1326.
663
Calculate the greatest common divisor of 5327 and 14.
7
What is the highest common factor of 16 and 205136?
16
What is the highest common divisor of 1212 and 1404102?
606
What is the highest common divisor of 15295 and 460?
115
Calculate the greatest common divisor of 87 and 1881491.
29
What is the greatest common factor of 92 and 20448?
4
Calculate the greatest common factor of 619004 and 12.
4
What is the highest common divisor of 8 and 109784?
8
Calculate the greatest common factor of 48 and 931840.
16
What is the highest common factor of 718928 and 224?
112
What is the highest common divisor of 749225 and 460?
115
Calculate the greatest common divisor of 124 and 569780.
124
Calculate the greatest common factor of 16 and 474644.
4
What is the highest common divisor of 37710 and 315?
45
What is the greatest common factor of 43214 and 102?
34
What is the greatest common divisor of 2061 and 9567?
9
Calculate the highest common factor of 30 and 38055.
15
Calculate the greatest common divisor of 10 and 421865.
5
What is the highest common factor of 7557 and 36411?
687
Calculate the highest common factor of 249610 and 5.
5
Calculate the highest common divisor of 1771 and 36938.
253
Calculate the highest common factor of 189525 and 6137.
361
What is the highest common divisor of 10816 and 186407?
169
What is the greatest common divisor of 418470 and 111?
111
What is the greatest common factor of 2609160 and 120?
120
Calculate the greatest common factor of 948 and 40369.
79
What is the highest common factor of 382387 and 1167?
389
What is the highest common divisor of 15 and 1877790?
15
What is the highest common factor of 649316 and 271?
271
What is the highest common divisor of 84 and 6736?
4
Calculate the highest common divisor of 6132 and 1792.
28
What is the highest common factor of 66865 and 172?
43
Calculate the greatest common divisor of 11821 and 3.
1
Calculate the highest common factor of 299453 and 693.
77
Calculate the greatest common factor of 8463 and 105.
21
What is the greatest common factor of 117 and 105144?
39
Calculate the greatest common factor of 112620 and 348.
12
Calculate the greatest common divisor of 644 and 661388.
644
Calculate the greatest common factor of 3325 and 4389.
133
What is the highest common factor of 240 and 4008?
24
Calculate the greatest common factor of 96 and 93664.
32
What is the greatest common divisor of 1804 and 6232?
164
Calculate the greatest common divisor of 238 and 2906.
2
Calculate the greatest common divisor of 81 and 26622.
27
Calculate the greatest common divisor of 180947 and 715.
13
Calculate the highest common factor of 60 and 6246660.
60
What is the highest common factor of 3608 and 73144?
328
What is the greatest common factor of 5194 and 16695?
371
What is the highest common divisor of 5652 and 11775?
471
What is the greatest common factor of 5586 and 564?
6
What is the highest common factor of 6 and 34719?
3
What is the greatest common divisor of 27 and 100593?
9
Calculate the highest common divisor of 679 and 3192173.
97
Calculate the greatest common divisor of 33636 and 48.
12
Calculate the greatest common divisor of 528 and 2400.
48
Calculate the highest common divisor of 6314866 and 232.
58
Calculate the highest common divisor of 135 and 975825.
45
What is the highest common factor of 399730 and 710?
710
Calculate the highest common factor of 412 and 30694.
206
What is the highest common factor of 3262 and 70?
14
Calculate the highest common divisor of 400 and 736.
16
What is the greatest common factor of 12 and 533850?
6
Calculate the highest common factor of 40 and 3770.
10
Calculate the highest common divisor of 4438 and 308.
14
Calculate the highest common factor of 25515 and 30.
15
Calculate the greatest common divisor of 86623 and 206.
103
What is the highest common divisor of 299652 and 1?
1
Calculate the highest common divisor of 8105 and 1573991.
1621
What is the highest common factor of 1535209 and 13?
13
What is the greatest common divisor of 10262 and 7686?
14
Calculate the greatest common factor of 503 and 1188086.
503
What is the greatest common factor of 11134 and 19?
19
What is the greatest common factor of 31743 and 54?
9
Calculate the highest common divisor of 46832 and 80.
16
Calculate the highest common divisor of 1312 and 116112.
656
Calculate the highest common divisor of 332730 and 360.
90
What is the highest common divisor of 96 and 153696?
96
What is the highest common divisor of 34 and 564791?
17
What is the highest common divisor of 37026 and 7018?
242
Calculate the greatest common factor of 4512 and 272.
16
What is the highest common factor of 2512 and 5968?
16
Calculate the highest common factor of 335 and 2829410.
335
What is the highest common divisor of 6101983 and 361?
361
What is the highest common divisor of 117 and 278811?
117
Calculate the highest common factor of 15 and 339315.
15
What is the greatest common divisor of 637 and 40417?
13
Calculate the greatest common factor of 3064 and 22597.
383
Calculate the greatest common divisor of 1208639 and 3595.
719
What is the highest common divisor of 443 and 446987?
443
Calculate the greatest common factor of 450 and 2071350.
450
Calculate the greatest common factor of 296073 and 491.
491
What is the highest common factor of 1248 and 250?
2
What is the highest common divisor of 1170 and 13312?
26
What is the greatest common divisor of 69 and 94323?
69
Calculate the greatest common factor of 6597 and 3665.
733
What is the highest common factor of 848 and 12528?
16
What is the highest common divisor of 9701 and 4183?
89
What is the highest common divisor of 4265466 and 18?
6
Calculate the greatest common factor of 12 and 2170452.
12
Calculate the greatest common divisor of 7776 and 2092716.
972
What is the highest common factor of 15957 and 18518?
197
What is the highest common factor of 1874 and 420713?
937
Calculate the highest common factor of 3175 and 23775.
25
What is the greatest common factor of 22 and 930226?
22
What is the highest common factor of 2336 and 712?
8
What is the highest common factor of 3174 and 56074?
1058
Calculate the highest common factor of 64 and 1912.
8
Calculate the highest common divisor of 1025 and 219965.
205
Calculate the greatest common factor of 465248 